st the prime factors of 903/(3 - 0)*(-5)/(-5).
7, 43
Let m(d) = -d**2 - 10*d + 11. List the prime factors of m(-10).
11
Let c(o) = -2*o - 6. Let j be c(-5). Suppose 2*p - p - j*a = 23, -a = p - 18. Let t = p - 11. List the prime factors of t.
2
Let p(j) = 13*j**2 + 2*j - 11. Let y(h) = -3*h**2 + h + 9*h**2 - 1 - 4. Let c(z) = -4*p(z) + 9*y(z). What are the prime factors of c(2)?
3
Let t be (0 - -4)*(-1)/(-2). Let u(l) = 2*l. Let i be u(t). Suppose -i*h - 4 = 0, 0*h = 2*r - 5*h - 11. List the prime factors of r.
3
Let v(d) = -d**3 + 8*d**2 - 4*d - 7. Let t be v(7). Let b = 32 - t. List the prime factors of b.
2, 3
Let v = -32 + 10. Let u = v - -38. Suppose -5*q + u = -q. List the prime factors of q.
2
Suppose -7 - 13 = -5*i. Let b(z) = z**3 - 3*z**2 - 4*z + 3. List the prime factors of b(i).
3
Let x(k) = k**3 + 4*k**2 + 4*k + 2. Suppose 7 + 1 = 4*t. Suppose -j = 4, 2*s + 8 = j - t*j. List the prime factors of x(s).
2
Suppose 2*v - v - 2 = 0. Suppose q - 3*q - v = 0. Let u(p) = -9*p + 1. What are the prime factors of u(q)?
2, 5
Suppose 5*c + 5*q + 320 + 1765 = 0, 5*q = 3*c + 1251. List the prime factors of c/(-15) - 2/(-10).
2, 7
Let m be -20 + (4 - 1) + -1. List the prime factors of ((-1)/(-3))/((-1)/m).
2, 3
Let i be (-3)/(-6)*-10*11. What are the prime factors of (-319)/i + 1/5?
2, 3
Let j = 24 - 12. Let n = -13 - -8. Let c = n + j. List the prime factors of c.
7
Suppose -q = 2 - 0. List the prime factors of q/4*-30 + 1.
2
Suppose 15 = 5*l, 2*r + 3*l + 79 = 2*l. Let g = r - -57. Suppose -x + g = x. List the prime factors of x.
2
Let j = 32 - -17. What are the prime factors of j?
7
Suppose -4*t + 6 + 26 = 0. Suppose 25 = c - t. List the prime factors of c.
3, 11
Suppose 2*c - 330 = 404. List the prime factors of c.
367
Let s(w) = 4 + 4*w + 5*w - 2*w - 2*w. What are the prime factors of s(3)?
19
Let k(o) = -o**3 + 5*o**2 - 5*o - 1. Let l be k(4). Let r = -5 - l. Suppose r = -2*z - f + 22, z - 11 = -0*z - 4*f. What are the prime factors of z?
11
Suppose -t + 3*t - 2*f - 260 = 0, 4*t - 3*f - 517 = 0. Let u = -74 + t. Let s = u + -31. What are the prime factors of s?
2, 11
Let u be 2/13 + (-4)/26. Let z = u + 7. List the prime factors of z.
7
What are the prime factors of (2 - 5)*5/(-3)?
5
Let w = -8 - -7. List the prime factors of -14*(2/w)/2.
2, 7
Let f = 16 + -10. Let v = f - -3. What are the prime factors of v?
3
Suppose -3*z + 114 = y, 5*y = -3*z + 2*z + 542. List the prime factors of 1*7*y/42.
2, 3
Let s = 30 + 10. Suppose -4*j - j = -s. What are the prime factors of j?
2
Suppose -123 = -2*r + 21. Let i = -47 + r. What are the prime factors of i?
5
Let s = 35 + -11. Let t = -7 + s. What are the prime factors of t?
17
Let b = -45 + 53. What are the prime factors of b?
2
Let a = 16 + -3. List the prime factors of a.
13
Suppose 5*x - 2 = 4*d, -4*x + 18 = -0*d + 5*d. Let c be (-6)/(-12)*6 - -15. Suppose d*b = b + c. What are the prime factors of b?
2, 3
Suppose -4*g = -x - 0*x + 273, 0 = -2*x - 3*g + 568. What are the prime factors of x?
281
Let t be 1 - (-3)/(6/10). Suppose -4*x + 0 - 6 = -3*p, -2*x + 3*p = 6. Suppose x = 2*l - 16 - t. List the prime factors of l.
11
Let m be (-1)/(-4) + 17/(-4). Let y be (1 - m - 1)*-1. What are the prime factors of y*1*(-15)/6?
2, 5
Suppose -4*v = -2*k - 118, -v + 24 = 6*k - k. List the prime factors of v.
29
Suppose -7 = 4*m - 151. Let o = 59 - m. List the prime factors of o.
23
Suppose -4*a = -x - 6 - 7, a - 16 = -4*x. Let c(l) = 13 - 13*l**2 + 8*l + x*l**2 + 0*l**3 + l**3. What are the prime factors of c(9)?
2
Suppose 0 = 5*a + 2*m - 9, -4*m = -4*a - 7 + 31. Suppose 0*u + 3*u = a*g - 24, -4*g = 4*u - 8. Let h = 7 - g. List the prime factors of h.
2
Suppose -c - p - 4*p + 3 = 0, -c = -2*p - 10. List the prime factors of ((-2)/c)/(4/(-112)).
7
What are the prime factors of (-3)/(-3)*-5 + 233?
2, 3, 19
Let x(b) = 6*b + 43. List the prime factors of x(21).
13
Let k be 728/6*(-21)/14. Let b = 272 + k. Suppose -i - 3*g = g - 18, 3*g - b = -5*i. What are the prime factors of i?
2, 3
Let k(r) = -3*r + 1. Let g be k(-5). Let q = g - -10. What are the prime factors of q?
2, 13
Let b(t) = 3*t**2 + 1. Let g be b(1). Suppose -3*c + g*c = 17. List the prime factors of c.
17
Let z = -69 - -107. List the prime factors of z.
2, 19
Let y be 0 + -2 + -1 + -1. Let j be (30/8)/(y/(-16)). List the prime factors of j/((2 - 3) + 2).
3, 5
Let v(k) be the second derivative of 17*k**6/360 - k**5/120 - k**3/3 + 4*k. Let h(m) be the second derivative of v(m). What are the prime factors of h(1)?
2
Let o = 64 + -2. List the prime factors of o.
2, 31
Suppose -4*b - 4 = -2*b. Let s = 621 + -317. What are the prime factors of (b/4)/((-8)/s)?
19
Let t(r) = 6*r**2 - 3*r - 1. What are the prime factors of t(-4)?
107
Let r(b) be the second derivative of b**4/12 - b**3 + 5*b**2 - b. What are the prime factors of r(9)?
37
Let i = 4 - 2. Suppose 3*u + 35 = i*n + 4*u, 0 = 4*n + u - 73. List the prime factors of n.
19
Let h = -38 - -51. What are the prime factors of h?
13
Suppose 4*x - 6*x + 3*k = -137, 140 = 2*x - 4*k. What are the prime factors of x?
2
List the prime factors of 218/6 + 18/27.
37
Let l(o) = 27*o - 25. List the prime factors of l(7).
2, 41
Suppose 8*q - 3*q - 35 = 0. Let j be 4/(-22) + 57/11. Suppose 4*c + 2*v + q = j*c, -c + 1 = v. List the prime factors of c.
3
Let j = -123 - -176. List the prime factors of j.
53
Suppose 0*x - 155 = 5*x. Let h = 44 + x. What are the prime factors of h?
13
Let v(a) = a**3 + 9*a**2 - 12*a - 12. Let g be v(-10). List the prime factors of (12/g)/((-6)/(-32)).
2
Let p(b) = b**3 - 8*b**2 + 7*b. Let m be p(7). Suppose m = -a - 4*a. Suppose a = -5*y + 2*f + 20 + 33, f = 2*y - 22. List the prime factors of y.
3
Suppose 0 = 3*a + 6 + 3, -2*s = 5*a - 65. Suppose 0 = p + 2*d - s, 0*d + 5*d - 28 = -p. List the prime factors of p.
2, 3
Let y(m) = -m**2 - 9*m - 4. Suppose -4*w = -w + n + 22, 4*w + 24 = -4*n. List the prime factors of y(w).
2
Suppose 5*i = 5*q - 154 - 206, 3*q - 4*i = 215. Suppose 2*z + 0*t - 79 = t, 0 = 2*z + t - q. What are the prime factors of z?
2, 19
Suppose -2*u = 1 + 1, -o + u = -1. Suppose o = 2*m + x - 5, -2*x - 50 = -5*m + 3*x. List the prime factors of m.
5
Let k be (-21)/7*1/(-3). Suppose -r - 3*a = -0 + k, -r - a = -3. Suppose 23 = b + r*j, j = -b - b + 28. What are the prime factors of b?
13
Let z(y) = -y**3 - 4*y**2 + y. Let t(d) = d**2 - 5*d + 1. Let c be t(3). List the prime factors of z(c).
2, 5
Let r = 3 + 0. Suppose -3*g - 4 + 40 = 0. Suppose r*q - 4*q = -g. What are the prime factors of q?
2, 3
Suppose 0 = -q + 5*q - 3*y - 152, 5*y = -4*q + 120. What are the prime factors of q?
5, 7
Let g(b) = b**2 + 10*b + 9. Let a be g(-11). Suppose a = 3*o - 19. What are the prime factors of o?
13
Let l = -14 + 125. What are the prime factors of l?
3, 37
Suppose -11 = 2*o + 9. List the prime factors of 245/25 + (-2)/o.
2, 5
Suppose 225 = -5*w + 60. Let b = -16 - w. What are the prime factors of b?
17
Let u(a) = a**2 + 16*a + 82. List the prime factors of u(-19).
139
Let h be ((3 - 1) + -5)*3. Let q = 16 + h. List the prime factors of q.
7
Let s(p) = p**3 - 6*p**2 + p - 1. Let b be s(6). Suppose 0*q - 93 = -5*q + 3*t, 0 = 5*q + b*t - 125. What are the prime factors of q?
3, 7
Let y(q) be the first derivative of -q**2/2 + 7*q + 4. List the prime factors of y(-8).
3, 5
Let f = -6 - -11. Suppose -q + 2*n + 13 = 0, 0 = -f*n - 19 - 6. Suppose -p = q*p - 44. List the prime factors of p.
11
List the prime factors of (6/(-8))/(10/40) - -19.
2
Suppose 3*s + 0*s = 6. Suppose 2*r + s*r = 8. What are the prime factors of (-18)/(1 - (r - -1))?
3
Suppose 0 = 4*x + 14 + 2. Let g(j) = j - 1. Let u be g(x). Let v(q) = -q**2 - 6*q - 1. What are the prime factors of v(u)?
2
Suppose -5*d = 3*v - 159, -4*v - 134 = -4*d - 3*v. Suppose 2*x + 0*w + w - d = 0, -w = -3*x + 62. List the prime factors of x.
19
Let p = -2 - -1. Let r be p + (-2 - -6 - 1). Suppose -31 = -2*b + x + 2*x, 2*b = r*x + 26. What are the prime factors of b?
2
Suppose 3*x = 92 + 28. Let p(r) = -27*r**3 - r**2 + 1. Let m be p(1). Let g = x + m. List the prime factors of g.
13
Let z(l) = 2*l + 15. Let f be z(-11). Let a = f + 11. What are the prime factors of a?
2
Let p(i) = i - 4 + i**2 - 2*i**2 + 5*i. Let y be p(4). Suppose 4*w - 6 = 3*f,